 0 = w + w + 2*d + 20, 5 = w - 2*d. Let t(q) = w*r(q) + u(q). Calculate t(v).
-11
Let x(p) be the third derivative of -p**4/24 + p**3/3 - p**2. Suppose -4*l = 120*j - 122*j - 34, 3*l = -4*j - 2. What is x(l)?
-4
Let k(w) be the second derivative of w**5/20 - w**4/6 + w**3/6 - 3*w**2/2 - 133*w. Give k(3).
9
Let b(v) = 2*v + 3. Let c(f) = -f**3 - 9*f**2 - 6*f + 1. Let s be c(-8). Let k = 18 + s. Suppose 2*g - 2 = k*g. Determine b(g).
-1
Let g(r) be the third derivative of -7*r**4/8 + r**3/6 + 2309*r**2 - 2*r. Suppose -4*a = -4*o, -3*a + 4*a + 4 = -3*o. What is g(o)?
22
Let s(l) = -19 - 179*l + 64 + 174*l. Let k be s(9). Let u(v) = -v**3 + v - 1. Calculate u(k).
-1
Let q(g) = -5*g**3 - 12*g**2 + g + 31. Let h(b) = 11*b**3 + 24*b**2 - 2*b - 66. Let l(t) = 6*h(t) + 13*q(t). What is l(12)?
19
Let k = 45 + -44. Let j(t) = 23*t**3 - t. Determine j(k).
22
Let r(l) = -5*l - 38. Let y(o) = 3*o + 25. Let i(w) = 5*r(w) + 8*y(w). Determine i(11).
-1
Suppose 0 = 3*i + 90 - 96. Let k(y) = 2*y**3 - 3*y**2 + y - 1. Give k(i).
5
Let i be (12/(-16) + 3)*(-20)/(-5). Let r(f) = -f**2 + 9*f - 2. What is r(i)?
-2
Let p(t) = t**3 - 23*t**2 + 6. Suppose 0 = -15*y + 169 + 176. Determine p(y).
6
Suppose -3 = -4*i - 3*b, 0 = 6*i - 3*i + b - 1. Let z(k) = -3*k + 6*k + i*k - 4*k. What is z(8)?
-8
Let i(m) be the first derivative of 7/3*m**3 + 6*m + 1/4*m**4 + 13 + 0*m**2. Determine i(-7).
6
Suppose 0 = 2*r + r - 39. Suppose -8*s + 15 = -9. Suppose -s*b - r = -1. Let u(q) = 3*q - 5. Determine u(b).
-17
Let o(w) be the second derivative of -w**4/12 + 4*w**3/3 - 5*w**2/2 - w + 4. Calculate o(5).
10
Let w(z) = z**3 + 2*z + 13. Suppose 61*l - 62*l - 4 = -c, 3*c + 5*l = -20. Determine w(c).
13
Let t(x) = 3*x + 11. Let h(w) = 6*w + 4 + 7*w + 41. Let u(n) = -2*h(n) + 9*t(n). Let l be ((-9)/12)/(6/48). What is u(l)?
3
Let h(i) = -i**3 + 3*i**2 - i. Suppose 3*r + 13 = -w, -2*w + 7*r + 29 = 2*r. Calculate h(w).
2
Let l(m) be the second derivative of -m**5/20 - 13*m**4/12 + m**3/6 + 4*m**2 + m - 234. Determine l(-13).
-5
Let i(d) = 4*d - 3*d - 7*d + 5*d - d + 9. Give i(5).
-1
Suppose 14 = -0*a + 2*a. Let i(m) = -a*m**2 - 1 + 6*m + 8*m**2 - 2*m**2. Calculate i(3).
8
Let o(a) = 24*a + 6. Let n(u) = 17*u + 4. Let j(s) = -7*n(s) + 5*o(s). Give j(4).
6
Let u be (7/(21/222))/2. Suppose 0 = -4*j - u + 17. Let d(q) = -q - 4. Calculate d(j).
1
Let b be 42/(-4)*168/(-196). Let a(x) = 10 + x + 0 - x**3 - x + 9*x**2 - 2*x. Give a(b).
-8
Let v(i) = i**2 + 9*i + 11. Let z = -67 + 67. Suppose 0 = -z*j + 3*j + 24. Determine v(j).
3
Let j be 144/(-54)*(-3)/2. Let d be ((-13)/26)/((-1)/j). Let s(b) = -5*b + 5*b + b**d - 2 - 2*b**2. Determine s(-2).
-6
Let g(r) = -2*r**3 + 9*r**2 - 4*r + 12. Let w be g(5). Let k be w/1*1/(-3). Let n(j) = j**2 - 10*j - 11. Determine n(k).
0
Let j(d) be the second derivative of d**5/60 - d**4/6 - d**3/6 - 3*d**2/2 - 8*d. Let a(i) be the first derivative of j(i). Determine a(-3).
20
Suppose -7 = 2*j - 17. Suppose 0 = -j*l + 15, 3*x - 4*l = 4*x - 5. Let z(b) = b + 1. Determine z(x).
-6
Let d(n) = n**3 + 6*n**2 - 9*n - 16. Let i be d(-7). Let j(r) = 6*r + 7. What is j(i)?
-5
Let j(z) = -2*z**2 - 10*z - 13. Let m(q) = -3*q**2 - 10*q - 13. Let y(w) = 4*j(w) - 3*m(w). Let k = -4747 + 4758. What is y(k)?
-2
Let g(i) = -3*i**2 - 4. Let h be (15 + -5)*(-2)/(-8)*2. Let l(n) = -7*n**2 - n - 9. Let f(u) = h*g(u) - 2*l(u). Determine f(2).
-2
Let a be -2*21/(-14)*(-15)/(-9). Let r(t) be the second derivative of -1/20*t**a + 13*t + 7/12*t**4 + 4*t**2 + 0 + 7/6*t**3. Determine r(8).
0
Let a(v) = v**2 - v - 4. Suppose 144 = 23*d + 52. Calculate a(d).
8
Let g = -4 - -41. Let c = g - 34. Let o(k) = k**3 - k**2 + 1. Calculate o(c).
19
Let z(o) be the first derivative of -3*o**2/2 + o - 13. What is z(-4)?
13
Let m(i) = i**3 + 7*i**2 + 6*i + 4. Let b = -21 + 18. Let w be (8 + -2)*(b - -2). What is m(w)?
4
Let m = 22718 + -22723. Let n(s) = 0 + 2*s + s + 6. Give n(m).
-9
Let c(x) = 3*x**2 - 18*x. Let u be (-8)/(5 + 114/(-18)). Calculate c(u).
0
Suppose -4*f - 54*x = -53*x, -5*x = 3*f. Let c(o) = o**3 - 3*o - 4. Give c(f).
-4
Let u(i) = -i**3 + 4*i**2 + 8*i - 2. Let j(y) = -2*y**3 - 19*y**2 + 7*y - 24. Let k be j(-10). Calculate u(k).
-26
Let c(u) = -u**3 + 7*u - 3 - 7*u**2 - 6 - 14*u. Let q be -2 - 6*(-8)/(-12). Calculate c(q).
-3
Let c(d) = 2*d + 7. Let u be c(-4). Let q = u + -1. Let s(n) = -2*n**2 + 2*n + 5 + 4*n**2 - 6 + 0*n. What is s(q)?
3
Let d be ((-12)/36)/(1/(-165)). Let f(k) = d*k**2 - 5*k - 54*k**2 + 2*k. Calculate f(4).
4
Let z(v) = 5*v**3 + v**2 + 15*v - 10. Let c(q) = 3*q - 2 + q**3 - 8*q**2 + 8*q**2. Let o(p) = 11*c(p) - 2*z(p). Let m = 6 + -4. Determine o(m).
4
Let v(w) = -39 - 28 - w**2 + 4*w**3 + 2*w + 72 + 5*w**2. Let n(a) = 5*a**2 - 3*a**2 + 5*a**3 + 2*a**2 + 3*a + 5. Let d(c) = 3*n(c) - 4*v(c). Give d(-4).
-9
Let z = 16 + -14. Let g(r) = 1 + r**2 - 36*r**3 + z*r - 3*r + 12*r**3. Calculate g(1).
-23
Let s(k) be the third derivative of -k**6/120 - k**5/60 + k**4/24 - k**3/6 + 26*k**2. Calculate s(-2).
1
Let h(a) be the first derivative of -a**3/3 - 7*a**2/2 + 5*a + 5. Let v(z) = -z**3 + z**2 + z - 6. Let r be v(0). Calculate h(r).
11
Let a(c) be the third derivative of c**6/120 - c**4/8 + c**3/6 - 236*c**2. Calculate a(-3).
-17
Let b = -39 + 40. Let g be 0/3 - (b - -4). Let m(c) = c**3 + 4*c**2 - 4*c - 1. Give m(g).
-6
Let q(w) = -w**3 - 27 + 21 + 9 + w + 5*w**2. Calculate q(4).
23
Let q(k) = k - 1. Let v(g) = -7*g - 1. Let u(o) = -6 - 3 + 4 - 8*o + 3. Let p(a) = 3*u(a) - 4*v(a). Let s(i) = -p(i) + 3*q(i). What is s(-3)?
2
Suppose -k - 1 = -2*o + 4, -5*o + 11 = -3*k. Suppose -3*n = -o*n - 9. Let r = n - -4. Let m(f) = f**3 + 4*f**2 - 5*f - 1. Give m(r).
-1
Let x = -4802 - -4808. Let s(y) = -2*y + 7 - 4 + y. Determine s(x).
-3
Let q(w) = -3. Let s(a) = a - 7. Suppose 0 = -f - 2*u + 12, 3*f - 4*u + 6 = -8. Let r(h) = f*s(h) - 5*q(h). What is r(1)?
3
Let b(o) = o**2 - 3*o - 10. Let z(k) = 12*k - 163. Let w be z(14). Calculate b(w).
0
Let d be (12/(-8) + 0)/6*0. Suppose 0 = -2*n + n + 2. Let v(c) = 5 + 7 - 6*c**n + 5*c**2 - 2. Give v(d).
10
Let l = 37 - 33. Suppose -20 = -l*s - 0*s. Let r(i) = i - 1. Calculate r(s).
4
Let t(q) = q - 6. Let o(f) = 1. Let g be (-72)/90 + 2/(-10). Let y(r) = g*t(r) - o(r). Calculate y(5).
0
Let b(g) be the third derivative of -g**6/120 + g**5/12 - g**4/6 - g**3/6 + 2*g**2 + 179*g. Calculate b(4).
-1
Let v = -10 + 13. Let s(f) = -f**2 + 22*f - 1 - 47*f + 24*f + f**3. What is s(v)?
14
Let y(x) = 4*x**2 + 4*x + 2. Suppose 3*n + 19 = 2*w - 4*w, -w = -3*n - 13. Let z(o) = -3*o**2 - 3*o - 1. Let m(h) = n*y(h) - 7*z(h). Give m(0).
-3
Let t(k) be the first derivative of 2*k**3/3 + 5*k**2/2 + 2*k - 883. Give t(-4).
14
Let w(g) be the first derivative of -1 + 0*g + 1/2*g**2 - g**3. Let j be (-5)/(-2) + 0 - (-27)/(-18). What is w(j)?
-2
Let h(r) be the first derivative of 14 - r**2 - 49 + r + 20. What is h(-1)?
3
Let r(y) = 1 + 3*y**2 + 3*y**2 - 2*y**2 + 2*y - 6*y**2. Let d be 2/4 - (-15)/(-10). Determine r(d).
-3
Let j(u) = u**2 - 2*u + 1. Let p be j(-2). Let c = p + -18. Let h = 10 + c. Let l(q) = -6*q + 1. What is l(h)?
-5
Let b(p) be the second derivative of p**5/120 - 3*p**4/8 - 9*p**3/2 - 34*p. Let y(z) be the second derivative of b(z). Give y(0).
-9
Suppose 3*a = -11 - 1. Suppose 5*z - 9 = -2*v, z - 3*v + 7 = 2. Let j(y) = -6*y**2 - 4*y**3 - 21*y - z + 20*y + 2*y**2 + 3*y**3. Determine j(a).
3
Let n(i) = i**2 - i + 2. Let v be n(1). Let a(o) = -5*o**3 - 2*o**2 - 2*o + 1. Calculate a(v).
-51
Let r(c) = -c**3 + 14*c**2 + 6. Let a be r(14). Let z(v) = 1. Let l(n) = n + 2. Let o(k) = -l(k) + 3*z(k). Calculate o(a).
-5
Let a(z) = -2*z**3 + 3*z**2 - 5*z + 3. Let s be 0/(-6) - (-2 + 0). Calculate a(s).
-11
Let r(o) = -o + 6. Suppose -4*t = 3*a + 35, -3*a + 4*a - t = 0. Let q be a/((-4)/(-2) - (-3 + 6)). What is r(q)?
1
Suppose -3*a + 2*i = 3*i - 3, 0 = 4*a - i - 11. Let d(j) = -j**a - j - 3*j - 400 + 407. Determine d(-5).
2
Let a(t) = -t + 3. Let f be 15*((-98)/21 + 4). Give a(f).
13
Suppose 0 = -2*i - 3*c + 9, 4*i = -2*c - 0*c + 30. Let k be (12/9)/((-2)/i - 0). Let j(s) = -s - 6. Give j(k).
0
Let t(d) = d**3. Let f(k) = -2*k**2 + 2*k - 1. Let u(j) = -f(j) - 5*t(j). Let z be u(1). Let m(w) = 2*w - 3 + 2 + 4. Determine m(z).
-5
Let i(x) be the second deri